{"id":24,"date":"2025-09-02T16:05:26","date_gmt":"2025-09-02T16:05:26","guid":{"rendered":"https:\/\/krombach-datentechnik.de\/?page_id=24"},"modified":"2025-09-02T16:05:26","modified_gmt":"2025-09-02T16:05:26","slug":"impressum","status":"publish","type":"page","link":"https:\/\/krombach-datentechnik.de\/index.php\/impressum\/","title":{"rendered":"Impressum"},"content":{"rendered":"\n<p><strong>Angaben gem\u00e4\u00df \u00a7 5 TMG<\/strong><\/p>\n\n\n\n<p>Ren\u00e9 Krombach<br>IT-Dienstleistungen (Nebengewerbe)<br>K\u00fcttiger Str. 5<br>56295 R\u00fcber<br>Deutschland<\/p>\n\n\n\n<p><strong>Kontakt<\/strong><br>Telefon: +49 151 \/ 228 24 791<br>E-Mail: info@krombach-datentechnik.de<\/p>\n\n\n\n<p><strong>Umsatzsteuer-ID<\/strong><br>Umsatzsteuer-Identifikationsnummer gem\u00e4\u00df \u00a7 27 a Umsatzsteuergesetz: nicht vorhanden<\/p>\n\n\n\n<p><strong>Verantwortlich f\u00fcr den Inhalt nach \u00a7 55 Abs. 2 RStV:<\/strong><br>Ren\u00e9 Krombach<br>K\u00fcttiger Str. 5<br>56295 R\u00fcber<\/p>\n","protected":false},"excerpt":{"rendered":"<p>Angaben gem\u00e4\u00df \u00a7 5 TMG Ren\u00e9 KrombachIT-Dienstleistungen (Nebengewerbe)K\u00fcttiger Str. 556295 R\u00fcberDeutschland KontaktTelefon: +49 151 \/ 228 24 791E-Mail: info@krombach-datentechnik.de Umsatzsteuer-IDUmsatzsteuer-Identifikationsnummer gem\u00e4\u00df \u00a7 27 a Umsatzsteuergesetz: nicht vorhanden Verantwortlich f\u00fcr den Inhalt nach \u00a7 55 Abs. 2 RStV:Ren\u00e9 KrombachK\u00fcttiger Str. 556295 R\u00fcber<\/p>\n","protected":false},"author":1,"featured_media":0,"parent":0,"menu_order":0,"comment_status":"closed","ping_status":"closed","template":"","meta":{"footnotes":""},"class_list":["post-24","page","type-page","status-publish","hentry"],"_links":{"self":[{"href":"https:\/\/krombach-datentechnik.de\/index.php\/wp-json\/wp\/v2\/pages\/24","targetHints":{"allow":["GET"]}}],"collection":[{"href":"https:\/\/krombach-datentechnik.de\/index.php\/wp-json\/wp\/v2\/pages"}],"about":[{"href":"https:\/\/krombach-datentechnik.de\/index.php\/wp-json\/wp\/v2\/types\/page"}],"author":[{"embeddable":true,"href":"https:\/\/krombach-datentechnik.de\/index.php\/wp-json\/wp\/v2\/users\/1"}],"replies":[{"embeddable":true,"href":"https:\/\/krombach-datentechnik.de\/index.php\/wp-json\/wp\/v2\/comments?post=24"}],"version-history":[{"count":1,"href":"https:\/\/krombach-datentechnik.de\/index.php\/wp-json\/wp\/v2\/pages\/24\/revisions"}],"predecessor-version":[{"id":25,"href":"https:\/\/krombach-datentechnik.de\/index.php\/wp-json\/wp\/v2\/pages\/24\/revisions\/25"}],"wp:attachment":[{"href":"https:\/\/krombach-datentechnik.de\/index.php\/wp-json\/wp\/v2\/media?parent=24"}],"curies":[{"name":"wp","href":"https:\/\/api.w.org\/{rel}","templated":true}]}}